Let q = a - 12. What is the units digit of q?
8
Suppose 0*v = -v + 2*a + 30, -2*v + 61 = -3*a. Suppose -3 - v = -5*c. What is the units digit of c?
7
Let d = -10 - -15. Suppose -d*s - 12 = -3*l, -4*l - 2 = 3*s - 18. Suppose l = -3*k + 25. What is the units digit of k?
7
Let i(u) = -u - 3. What is the units digit of i(-9)?
6
Suppose -2*f = -5*f + 36. Let o = -6 - f. Let a = -13 - o. What is the units digit of a?
5
Let g(z) = 2*z**2 - 5*z + 3. Suppose 7 = r - 1. Suppose 5*y - r = 7. What is the units digit of g(y)?
6
Let v(b) = -b**3 - 3*b**2 - 2*b + 4. Suppose 0 = 2*s + 7 - 1. What is the units digit of v(s)?
0
Suppose -3*z + 191 = 5*s, -112 - 89 = -3*z - 3*s. Suppose -4*u + 54 = -5*p, 6*u = u + 4*p + z. What is the units digit of u?
6
What is the units digit of 24*(-8)/(-3) + 1?
5
Suppose -2*j + 1390 = 3*j. What is the hundreds digit of j?
2
Let j be ((-24)/15)/((-4)/130). Suppose -j = -0*m + 4*m. Let i = m - -20. What is the units digit of i?
7
Let x = -1 - -3. Let u = -1 + x. What is the units digit of u?
1
Suppose 2*i + 3*c + c - 184 = 0, 0 = i + c - 91. What is the units digit of i?
0
Let z(c) = -22*c**3 - 2*c - 1. What is the units digit of z(-1)?
3
Suppose -4*k - 2*c + 296 = 0, 0 = 5*k - 4*c - 394 + 24. What is the tens digit of k?
7
Let o(i) = 33*i + 40. What is the hundreds digit of o(4)?
1
Suppose 0 = 3*l + 28 - 4. What is the units digit of 4/(-8)*l - -1?
5
Suppose 5*r + 1 = 4*s, 7*r - 5*r - 6 = 0. Suppose -x - s = z, -x - 1 = 2*z + 5. Let p = 11 - x. What is the tens digit of p?
1
Suppose 5*f = -5*p - 0*p + 65, 3*f - 43 = -4*p. Suppose z + 3*g = -2*g + f, 23 = 5*z + 3*g. What is the units digit of z?
4
What is the units digit of (1 - 1) + 0 + 36?
6
Let h = -15 - -26. What is the tens digit of h?
1
Let q(x) = -12*x**3 + x**2. Let l be q(-1). Suppose -l - 29 = -3*v. What is the units digit of v?
4
Let r(g) = -g**3 - g**2 + 4. Let y be r(-2). Suppose o - 23 = -y. What is the units digit of o?
5
Suppose -y + 2 = z, -4*z + 5*y - 32 = y. What is the units digit of z + 22 + (-4)/(-4)?
0
Suppose -22 = -0*b + b. Let c = -13 - b. What is the units digit of c?
9
Suppose -f + 26 = 2*t, -3*f - 2*t = -4*t - 94. Let w = f + -17. What is the units digit of w?
3
Let a = 7 + -1. What is the tens digit of a/(34/(-38) - -1)?
5
Let u = 0 - -5. Suppose -5*z - 2*i = -108, i = -u*z + 6*i + 115. Suppose -4*h = 2 - z. What is the units digit of h?
5
Suppose 6*w - 12 = -4*t + 2*w, -3*t = 4*w - 9. Let j(c) = t*c - 2*c**2 + 1 - 3 + 3*c**2. What is the units digit of j(-5)?
8
Suppose -5*a + 16 - 6 = 0. Suppose 0 = a*k - 3*k + 3. What is the units digit of k?
3
Let b(y) = 0*y - 6*y + y**2 + 3*y + 7 - 2*y. What is the units digit of b(7)?
1
Let f be (-9)/3*2/3. Let c be 2 + f + -3 + 0. Let a(z) = -z**3 - 3*z**2 - 2*z. What is the units digit of a(c)?
6
Let f be 146/8 + 2/(-8). Suppose 3*k - f = 18. What is the units digit of k?
2
Let o(t) = 4*t**2 - 5*t + 6. What is the units digit of o(5)?
1
What is the units digit of 22*(-9)/(-12)*(-2 - -6)?
6
Let h(k) = k**2 - 5*k - 3. Let g(q) be the third derivative of q**6/120 - q**5/15 + q**4/12 - q**3/3 + q**2. Let s be g(4). What is the units digit of h(s)?
3
Let v = -9 - -16. Let q(j) = j**3 - 7*j**2 + j + 2. What is the units digit of q(v)?
9
What is the units digit of (100/12)/((-4)/(-12))?
5
Let p = 22 + -22. Suppose 3*l - 3*a - 99 = -p*l, 0 = 3*l - 2*a - 96. What is the units digit of l?
0
Suppose 0 = -h + 5*h - 76. What is the units digit of h?
9
Let j(f) = -3*f - 3. Suppose p - 1 = 9. Let d be 4/(-10) + (-16)/p. What is the units digit of j(d)?
3
Let r(j) = -3*j. Let g = 10 - 16. Let k be r(g). Let l = k - 11. What is the units digit of l?
7
Let v(n) = -n**2 - 18*n - 12. Let t(k) = k**2 + 17*k + 12. Let f(h) = -4*t(h) - 3*v(h). What is the units digit of f(-6)?
6
What is the units digit of (-1)/((-2)/14) + -1?
6
Suppose -7*k = 61 - 12. What is the units digit of k*(-5 - 12/(-3))?
7
Let i(z) = -13*z - 2. What is the tens digit of i(-6)?
7
Let w = -28 + 57. What is the units digit of w?
9
What is the units digit of (-94)/1*-3 + 45/(-15)?
9
Suppose b + 52 = 4*m - 0*b, -5*b = 2*m - 4. What is the tens digit of m?
1
What is the units digit of (2/4)/(23/1150)?
5
Suppose -2*s - 155 = b - 399, -5*s = -b - 596. What is the hundreds digit of s?
1
Let s(f) = 3*f**2 + 2*f. Let p be s(-3). Suppose 0*c + c + n - p = 0, 3*c - 2*n = 58. What is the units digit of c?
0
Suppose 3*s + 228 = -5*p, -2*p + 5*s + 76 = -4*p. Let d = -23 - p. What is the tens digit of d?
2
Let p(x) = -184*x**3 - 3*x**2 - x. What is the tens digit of p(-1)?
8
Let g(k) = -7*k + 3*k**2 + 7*k. Suppose -10 = -4*o - o. What is the units digit of g(o)?
2
Suppose 5 = -4*m + 125. What is the tens digit of m?
3
Suppose 2*h - 822 = -j, 11*j = -2*h + 6*j + 814. What is the hundreds digit of h?
4
Suppose -3*d + 5*d = 498. What is the hundreds digit of d?
2
Suppose 3*q = -2*w - 3, -5 = -5*w - 3*q + 1. Let x = w - 3. Suppose 4 + x = k. What is the units digit of k?
4
Suppose 14 = 4*u - 5*u. Let n = u - -30. What is the units digit of n?
6
Suppose -n = -0 - 2. Suppose -4*v - n + 14 = 0. What is the units digit of v?
3
Let a(l) = l**2 - 4*l + 2. Let g be a(5). Suppose g = 3*s - 41. Let z = s + -7. What is the units digit of z?
9
Suppose 5*v - 98 - 22 = 0. Let c = v - 18. What is the units digit of c?
6
Suppose -3*u + 685 = -2*h, -1100 = -5*u - 9*h + 4*h. What is the units digit of u?
5
Let k = 67 + 44. What is the units digit of k?
1
Let v = -5 + 8. Suppose v*y + 40 = 5*y. What is the tens digit of y?
2
Suppose -x + 112 = 3*t - 3*x, 151 = 4*t - 3*x. What is the tens digit of t?
3
Let m(l) = l**2 - 12*l - 11. Let u be m(13). Suppose -2*w - 18 = 2*p, 0 = u*p - 4*p - 3*w - 17. Let f = p + 26. What is the tens digit of f?
1
Let b = 8 - 8. Let y = 1 + b. What is the units digit of y?
1
Let n(x) = 28*x**2 + x. What is the tens digit of n(-1)?
2
Let g(s) = s - 5. Let n be g(5). Suppose n*l + l = -4. Let p = -2 - l. What is the units digit of p?
2
Let x = 9 + -7. What is the units digit of (x + -1)/(-1)*-1?
1
Suppose 0*r + 1000 = 5*r. What is the hundreds digit of r?
2
Let w(t) = -6*t - 33. What is the units digit of w(-17)?
9
Suppose 2*a - 2*d = -3*a + 1155, d = 5*a - 1160. What is the hundreds digit of a?
2
Suppose 0 = -0*d + 5*d + 10. What is the tens digit of 32 + (1 - d) + -3?
3
Let o(m) = 3*m + 20. Let r(s) = s + 7. Let f(a) = 6*o(a) - 17*r(a). Let i(u) = 2*u + 5. Let p(t) = -4*f(t) + i(t). What is the units digit of p(-2)?
5
Suppose -62 + 917 = 5*p. What is the hundreds digit of p?
1
Suppose -48 = 2*q - 6. What is the units digit of ((-18)/q)/(3/42)?
2
What is the tens digit of 3*(-3)/27*-57?
1
Suppose -f - 3 = 8. Let k = f + 15. What is the units digit of k?
4
Let u(h) = h + 12. Let j be u(10). Suppose 0 = -4*i - i - 4*d + j, 3*i - 4*d + 6 = 0. What is the units digit of i?
2
Suppose -107 = 4*a - 451. What is the units digit of a?
6
Let j(c) = -2 + 4*c - 2 + 2 + 3. What is the units digit of j(1)?
5
Let i(t) = -2*t**3 - 5*t**2 - 2*t + 2. Let d be ((-21)/14)/(3/16). Let y be (-4)/(-6)*36/d. What is the units digit of i(y)?
7
Let x = -26 + -10. Let v = x + 51. What is the tens digit of v?
1
What is the hundreds digit of -1*16/4 - 562/(-2)?
2
What is the tens digit of (-5)/3 + 194/3?
6
Suppose 0 = 2*t + 3*q - 73, 5*q + 67 = 2*t - 30. Let s = t - 6. What is the tens digit of s?
3
Suppose 6 = 2*k - 2*j - j, -10 = -3*k + 5*j. Suppose 14 = 3*v + d, 6 = -k*d + 3*d. Suppose 2*t + 18 = 2*p, -v*t + 7 = 3*p - 20. What is the units digit of p?
9
Let r(s) = s**3 + 2*s**2 - 3*s - 5. Let p be r(-3). What is the units digit of (36/p)/((-6)/40)?
8
Let c(s) = 2*s**3 + s - 1. Let o(q) = -q**3 + 5*q**2 + 5*q + 7. Let p be 2/(-4) - (-13)/2. Let i be o(p). What is the units digit of c(i)?
2
Suppose 4*w - 2 = -30. Let h(x) = -x + 2. What is the units digit of h(w)?
9
Suppose 0 = 8*x - 4*x - 144. What is the units digit of x?
6
What is the units digit of -5 + 1 + 293 + -3?
6
Suppose 0 = y + 2*g - 23, 5*y - 6*g + 2*g - 73 = 0. What is the units digit of (y + -5)/(6/4)?
8
Let f = 19 + -29. Let h = 38 + f. What is the units digit of h?
8
Let z = 15 + 56. What is the tens digit of z?
7
Let p = 162 + -57. What is the tens digit of p?
0
Let c(q) = -q**2 - 5*q - 3. Let i be c(-3). Suppose i*m = -4*n